*c**3 + 4*c**2 - 39*c - 29. Let d(s) = -4*w(s) - 9*y(s). Let o = -33 + 18. Let q = 11 + o. Determine d(q).
-9
Let i(x) = -x**3 + 5*x**2 + 8*x - 7. Suppose -4*g + 144 + 64 = 0. Let m = 58 - g. Determine i(m).
5
Let p(d) = -d**3 + 6*d**2 + 3. Let r be p(6). Let k(f) = -5*f + 4*f - r + 0 - 3. Suppose 6*l + 20 = l. Give k(l).
-2
Let k(w) = -1. Let p(g) = 2*g - 1. Let f(d) = 2*k(d) + p(d). Let v = 1341 + -1337. Give f(v).
5
Let g(c) = -2*c - 10*c - 10*c - 25*c**3 - 1 + 24*c - c**2. Calculate g(1).
-25
Let k(m) = -6*m - 3. Let z(p) = -p**3 + 26*p**2 - 27*p + 46. Let n be z(25). Determine k(n).
21
Let o(x) = -2*x**3 - x - 1. Let d be o(-1). Suppose d*z = -4*k - 6, -2 + 1 = z. Let m(y) = 5*y + 3 + 4 - 6. Determine m(k).
-4
Suppose 3*o - 2*y = 5*o - 12, -4*o + y = 1. Let c(p) = -8*p + 2. Calculate c(o).
-6
Suppose -2*j + 4*x = -8, 3*j - 2*x - 14 = -2. Suppose 88*l = 84*l + j. Let p(v) = -v. What is p(l)?
-1
Let q(k) = 3*k - 1. Suppose -5*f + 4*r + 7 = 0, -2*r + 1 - 7 = 0. Let v be q(f). Let d(x) = 2 - 6 + 0*x - x - 1. What is d(v)?
-1
Let r(i) = 8*i**2 + 2*i + 3*i**2 - 3 - 15*i**2 + i**3. Let s be r(4). Let m(y) = -6 + 5*y + 4*y**3 + 9 - 3*y**2 - s*y**3. What is m(-4)?
-1
Let k(b) = -b + 7. Suppose -3*i = 5*g - 64, -i + 8 - 60 = -5*g. Give k(g).
-4
Suppose 12 = -4*g, b = 2*g - g - 13. Let q(s) = -s**2 - 15*s + 15. What is q(b)?
-1
Let h be 1/4 - (-60)/16. Suppose 3*k - 10 = -h. Let x(d) = -9*d**2 - 6*d + 3*d**2 + 7*d**k. Give x(4).
-8
Let a(z) be the third derivative of z**8/20160 - z**7/5040 - z**6/360 - 31*z**5/60 - 14*z**2. Let t(d) be the third derivative of a(d). Determine t(2).
0
Let t(v) = -v + 13. Let g = 18 + 3. Suppose 0*q - 5 = -q + 5*j, 2*q + j - g = 0. Give t(q).
3
Let k(y) = 12*y - 1. Suppose -15 = -5*r, d - 4*r + 6 = -d. Suppose -o = f + d, -12 = -4*f - 5*o - 29. Calculate k(f).
23
Let u(g) = -4*g**3 + 11*g**2 - 2*g + 2. Let p(b) = -b**3 + 6*b**2 + 1. Let q(i) = 3*p(i) - u(i). Determine q(-6).
25
Let p(b) be the third derivative of b**5/60 - 3*b**4/8 - 3*b**3/2 - 6*b**2. Let c(a) be the first derivative of p(a). Calculate c(6).
3
Let c(w) = 17*w**3 + w**2. Let z(y) = 10*y - 61. Let x be z(6). Determine c(x).
-16
Suppose 0 = -g + 3*g - 4. Suppose -3 = -2*d - 1. Let h(b) = -d + b - g + b. Calculate h(-3).
-9
Let c(b) be the third derivative of -b**6/120 + b**5/10 + b**4/12 - b**3/2 + b**2. Let y(i) = -6*i - 43. Let r be y(-20). Let x = -71 + r. What is c(x)?
9
Suppose -10*k - 5 - 85 = 0. Let g(i) = 4*i + 21. Determine g(k).
-15
Let t(w) = 2 + 16*w - 53*w + 18*w + 18*w. Let k = 0 + 0. Calculate t(k).
2
Suppose 12 = -2*q - 5*z, -z = -2*q - 5*z - 8. Suppose 0 = a - 4, -4*a = -q*b - 0*a - 4. Let c(y) = 2*y**2 - 4*y + 1. Determine c(b).
7
Let p(k) = -6*k**2 + 7*k + 11. Let b(h) = 3*h**2 - 2*h - 5. Let f(r) = -5*b(r) - 2*p(r). Calculate f(2).
-17
Let j(y) = -y**3 - 4*y**2 + 5*y - 5. Let r(z) = -3*z + z**2 - 6 + 1 - 2. Let b be r(5). Let o be (2/b)/((-2)/15). What is j(o)?
-5
Let q = 0 - -5. Suppose 4*g + 16 = -6*l + 9*l, l - 20 = q*g. Suppose l = o + o. Let k(m) = m**3 + 2. Give k(o).
2
Let b(t) = -t**3 + 5*t**2 + 3*t - 9. Let a(j) = -j**3 + 5*j**2 + 4*j - 9. Let v(g) = 3*a(g) - 2*b(g). Give v(6).
-9
Let j(d) be the third derivative of 0 + 0*d + 7/6*d**3 - 37*d**2 - 1/24*d**4. Let y(c) = c**3 + 6*c**2 - 7*c + 8. Let m be y(-7). What is j(m)?
-1
Suppose -17*p + 21 = -30. Let t(c) = c - 4. Give t(p).
-1
Suppose -7*j - 24 = -45. Let u(c) = -5*c**2 - 2*c + 1. Give u(j).
-50
Suppose 0 = -0*f + 2*f + 5*j + 17, -5 = -5*j. Let q(g) = -9*g + 27. Let l(n) = -5*n + 14. Let a(b) = f*l(b) + 6*q(b). Give a(-6).
2
Let k(s) = 5*s**3 + 5*s**2 - 5*s + 1. Let m(x) = x**3 - 1. Suppose 47 = r + 51. Let l(w) = r*m(w) + k(w). Determine l(-6).
-1
Let s(c) = c**2 + 17*c - 20. Let b(l) = -3*l**2 - 33*l + 41. Let a(u) = -2*b(u) - 5*s(u). Determine a(17).
-16
Let c(g) = g**3 - 3*g**2 + 4*g - 3. Let h be 2/(-3) + (-142)/(-6). Suppose 2*k = h - 3. Suppose -w + 2*p = -p - 14, k = -3*w - 4*p. Determine c(w).
1
Let c(h) be the third derivative of h**5/60 - h**3/6 - 3*h**2 + 5. Let p(i) = i**3 - 8*i**2 + 8*i - 10. Let b be p(7). What is c(b)?
8
Suppose -4*y = -2*l, 2*l - 4*l + 2 = -2*y. Let f(o) = -10*o**2 + 2*o - 1. What is f(y)?
-9
Let p = -15 - -17. Suppose p*d + 1 = 5. Suppose 2*n - 6 = d. Let a(c) = -3*c + 3. What is a(n)?
-9
Let g(l) = -l**3 - 10*l**2 - 10*l - 2. Suppose -5*f = -4*u - 16, 3*u - f = 11 - 34. Determine g(u).
7
Suppose 2*y + 3 = 15. Let w(q) = 27 - q**2 - 4*q - 16 - y + 7*q. Calculate w(5).
-5
Let b(o) = o**3 - 2*o**2 - 4. Let s be (-2 - -6)/(16/12). Determine b(s).
5
Let f(m) = -3*m**3 - 3*m**2 + m - 6. Let p = -1 + 6. Let c(v) = 2*v**3 + 3*v**2 + 5. Let o(r) = p*c(r) + 4*f(r). Calculate o(3).
-14
Let g(r) = 36 + 2*r**2 + 7*r - r**2 - 71 + 24. Let a(x) = -x - 17. Let s be a(-9). Give g(s).
-3
Let j = 18 + 0. Suppose -4*t - 15 = b, 3*t + 15 = -0*t. Let d(g) = 5*g - j*g**3 - b*g - g + 17*g**3. Give d(-1).
2
Let m be 3*(14/(-6) - (5 - 9)). Suppose -7*k = -3*k. Let g(q) = k*q**3 - q**3 + 3*q**2 + 3 - 4*q + 3*q**2. What is g(m)?
8
Let r = 1 - 7. Let u(p) = -4*p + 3. Let c(l) = -l - 8. Let d be c(-3). Let a(m) = -3*m + 2. Let n(w) = d*a(w) + 4*u(w). Calculate n(r).
8
Let s be ((-74)/4)/((-5)/10). Suppose 0 = 5*k - 4*t - 74, 6*t - t - s = -3*k. Suppose -16 = 5*z + n, 6*z - z - n + k = 0. Let p(j) = -5*j + 3. Determine p(z).
18
Suppose 2*p = 2, 0 = 7*z - 4*z + 2*p + 7. Let w(n) be the third derivative of n**5/60 + n**3/3 - 4*n**2. Calculate w(z).
11
Let b(l) = -l**3 + 3*l**2 - 3*l + 2. Let w be (-15)/(-10)*4/3. Suppose -2*d = 2, 0 = y + 5*d - 1 + w. Let v be (-6)/(-9) - y/(-3). What is b(v)?
0
Let o(n) = n**2 + 8*n + 7. Suppose -5*w + 5*b = -5, 4*b = 2*b - 8. Let d be w/2*32/6. Determine o(d).
7
Let g = 614 - 607. Let q(p) = p**3 - 8*p**2 + 7*p - 10. Calculate q(g).
-10
Let y(l) = l**2 - 6*l - 1. Let j(x) = -22*x + 8. Let f be j(-1). Let w = -10 + 15. Suppose 0 = w*h - f + 5. Determine y(h).
-6
Let a be 145/35 - 4 - 215/35. Let x(s) = -s**2 - 8*s - 8. Determine x(a).
4
Let j(g) = -3*g**2 + 10*g + 32. Let b(v) = v**2 - 4*v - 11. Let f(t) = -7*b(t) - 2*j(t). Give f(10).
-7
Let x be -1 + (3 - 5) - -3. Let s(j) = -5*j + 73. Let t(k) = 2*k - 34. Let o(i) = 3*s(i) + 7*t(i). Give o(x).
-19
Suppose -3*l = -5*w - 5*l + 19, 4*l = w - 17. Suppose w*i + 15 = 2*i. Let h(p) = 8*p**2 - 5*p - p**3 - 29*p**2 + 16*p**2 + 6*p. Calculate h(i).
-5
Let p(u) be the first derivative of u**6/360 + 7*u**5/120 - u**4/12 + u**3/3 + 19. Let i(b) be the third derivative of p(b). Calculate i(-6).
-8
Let q(v) = 4*v**3 + 5*v**2 - v + 2. Let m be q(3). Let t(i) = 2*i + 151 - m - 3*i. Let d(o) = -o**2 - 13*o - 6. Let k(p) = d(p) - 6*t(p). Determine k(-3).
12
Let p(u) = -2*u**2 - 10*u. Let x(s) = 19*s**2 + 26*s + 2. Let r be x(-1). What is p(r)?
0
Let j(c) = -3*c + 4. Let d(a) = -5*a + 2. Let f(u) = -2*d(u) + 3*j(u). Give f(-9).
-1
Let q(g) be the second derivative of -1/12*g**4 - 2*g**2 - 3*g + 0 - 1/6*g**3. Give q(0).
-4
Let l(k) = 3*k - 3. Let t = 42 - 34. Suppose -4*v - 4 = t. Give l(v).
-12
Suppose -10*z = 67 - 17. Let c(i) = 4*i**3 - i**2 + 6*i + 1. Let x(r) = -7*r**3 + 2*r**2 - 11*r - 1. Let f(m) = z*c(m) - 3*x(m). What is f(2)?
8
Let v(h) = h + 1. Suppose -k + 2*u = 31, 0*u - 3 = k + 5*u. Suppose 0 = 5*s + 141 - 31. Let g = s - k. Determine v(g).
2
Let a(z) = -z**2 - 8*z + 13. Let s be a(-9). Let n(y) = -y + s - 1 - 4. Let v = -29 + 30. Give n(v).
-2
Let r(c) be the third derivative of -c**4/12 + c**3 + 121*c**2. Let o(f) = f**3 - 5*f**2 - 8*f + 7. Let m be o(6). Give r(m).
16
Let z(g) = -g**3 + 6*g**2 - 2*g + 4. Suppose -3*i + 0*i - 96 = 0. Let x = 38 + i. Calculate z(x).
-8
Let p = -37 + 37. Suppose 6 = -5*a - p*m - 2*m, 3*a - 3*m - 9 = 0. Let c(t) = -t**3 - t**2 + t + 4. Give c(a).
4
Let j = 415 - 415. Let r(i) = -i**3 - i**2 - i + 22. What is r(j)?
22
Let c(n) = -3*n**2 - n - 1. Suppose 97 = 8*j + 105. Give c(j).
-3
Let t = 20 + -17. Suppose -t*m + 4 = -4*n, -2*m - 3 = 2*n - 1. Let z(g) = g - 5. Let c(p) = 4. Let h(j) = 5*c(j) + 4*z(j). Give h(n).
-4
Let j(i) = -12*i**2 - 6*i + 3. Let a(t) = -36*t**2 - 20*t + 10. Let v(m) = -6*a(m) + 20*j(m). What is v(-1)?
-24
Suppose 4*r - 2*r - 5*f + 14 = 0, 5*f - 18 = 4*r. Let u be 2/(2 + -1) - r. Let k(o) = -7*o - 1 + u*o + o + 0. Determine k(-1)